. Calculate the highest common factor of f and 45.
9
Suppose 0 = -0*f + f - 2. Suppose -f*a + a = -286. Let n be (1/(-1))/((-2)/a). What is the highest common factor of 13 and n?
13
Let z be 160/(-36) + (-4)/(-1) + (-134)/(-18). Let n(h) = 14*h + 1. Let g be n(2). Let j = g + -8. Calculate the highest common divisor of z and j.
7
Let b be 2914/4 + (-130)/52. What is the greatest common divisor of b and 66?
66
Let g(k) = k**3 + 3*k**2 + 18*k - 6. Let n be g(7). What is the highest common divisor of 30 and n?
10
Let p be (-238)/(-10) + 22/110. What is the highest common factor of 36 and p?
12
Suppose -5*a + 5 = 4*s, s = -4*s - 4*a + 13. Suppose -s*l = -5*u + 95, -l + 10 = u - 13. Calculate the highest common divisor of 3 and u.
3
Suppose -43*v + 37*v = -174. What is the highest common factor of v and 203?
29
Suppose 0*g - 392 = -7*g. Calculate the greatest common divisor of g and 252.
28
Let s(u) be the first derivative of -3*u**2/2 - 52*u - 17. Let z be s(-26). Let y = -144 - -274. Calculate the highest common divisor of z and y.
26
Let t = 1697 - 1574. Calculate the greatest common divisor of 15 and t.
3
Let m be 33*(5/(-3) + 9 + -7). Suppose 43 + 34 = m*q. What is the highest common factor of 7 and q?
7
Suppose 0 = -123*t + 116*t + 91. Calculate the greatest common divisor of t and 169.
13
Let o = -11 + 16. Suppose -p - 77 = -o*l, 4*l - 17 = -2*p + 39. Let g(r) = r**2 - 1. Let f be g(4). What is the greatest common divisor of f and l?
15
Suppose 2*y = 5*f + 520, -4*y + 605 = -3*f - 407. Calculate the highest common divisor of 150 and y.
50
Let q(y) = 50*y - 1. Let f(r) = 7 + 4*r - 7*r + 2*r. Let u be f(5). Let l be q(u). Calculate the highest common factor of 11 and l.
11
Let d be 2 + (-60)/25 + (-187)/(-5). Calculate the highest common divisor of 74 and d.
37
Suppose -79 = -4*b - 3*d + 2*d, 2*d - 25 = -b. Let g(m) = 16*m + 8. Let w be g(9). What is the greatest common divisor of b and w?
19
Let t = 130 + -11. Let q = t - 70. Suppose -5*a + 21 = -q. Calculate the greatest common factor of a and 126.
14
Let f(u) = 41*u - 460. Let w be f(38). Calculate the highest common divisor of w and 36.
18
Suppose -1106 + 146 = -16*z. Calculate the greatest common factor of z and 156.
12
Let v = 331 + -261. Calculate the greatest common divisor of 126 and v.
14
Let r = 18 - 13. Let t be (r - 3)/(4/6). Calculate the greatest common factor of t and 2.
1
Suppose -o = 5*x - 10*x + 86, 30 = x + 3*o. Let c be ((-16)/5)/(x/(-225)). Let m = 93 + -33. Calculate the greatest common factor of c and m.
20
Let n(z) = -19*z - 23. Let v(d) = -20*d - 24. Let o(h) = -7*n(h) + 6*v(h). Let c be o(3). What is the greatest common factor of c and 7?
7
Suppose -u = -1, g + 0*g = 8*u + 77. What is the greatest common factor of g and 119?
17
Let r(f) = 2*f**3 - 4*f**2 + 11*f - 27. Let i be r(3). What is the highest common divisor of i and 64?
8
Let x be (-268)/(-6) - 5/(-15). Let v = x + -29. What is the highest common factor of 144 and v?
16
Let h = 11 - -54. Let r = -27 + h. Let g = 854 - 797. What is the greatest common divisor of r and g?
19
Let q(n) be the first derivative of n**3/3 - n**2/2 + 6*n + 5. Let v be -2*2/4 + 6. Let t be q(v). Calculate the greatest common factor of t and 39.
13
Let n(q) = 418*q. Let p(y) = -11*y. Let t(f) = 2*n(f) + 77*p(f). Let d be t(-3). Calculate the highest common divisor of 22 and d.
11
Let v be (26 + -2)/(1*2). Calculate the greatest common factor of 204 and v.
12
Let k be (-28)/(-7)*(-10)/(-4). Let r = 66 + -28. Let t = r - 23. Calculate the highest common divisor of k and t.
5
Let j = -592 - -603. What is the greatest common divisor of j and 385?
11
Suppose 5*v + 682 = 16*v. Calculate the highest common divisor of v and 2542.
62
Suppose 0 = 3*f - 15 + 60. Let v = f + 20. Suppose -v*z + 50 = -60. Calculate the highest common factor of 220 and z.
22
Let w = -309 - -463. Let t be w/6 + 14/(-21). Calculate the highest common divisor of t and 50.
25
Let o(l) = -2*l**3 - 17*l**2 + 19*l - 52. Let n be o(-11). Calculate the highest common factor of 16 and n.
8
Suppose k - 13 = 5*b, 2*b - 4*k = -3*b - 22. Let t be (-4 + 4)/(-5) - b. Suppose 11 = t*w - 13. What is the highest common divisor of w and 120?
12
Let o(i) = i**3 + 3*i**2 + 4*i. Let l be o(-2). Let x(r) = -5*r - 4. Let h be x(l). What is the highest common factor of h and 2?
2
Let p(a) = -2*a**2 + 29*a - 99. Let k be p(7). Let j = 5 + -1. Suppose 3*f = 0, -j*f = -y - 0*y + 66. Calculate the highest common factor of y and k.
6
Let s = -270 - -307. Calculate the highest common factor of 37 and s.
37
Let c(b) = b**3 - 12*b**2 - 12*b + 3. Let p = 47 - 34. Let q be c(p). What is the greatest common divisor of 48 and q?
16
Suppose 2*t + 4*n = -n + 48, -t = n - 18. Suppose -2*y + 126 = -y. Calculate the highest common divisor of y and t.
14
Suppose -2*j = -6*j - i + 219, -5 = 5*i. Let h(m) = m**2 - 51*m - 395. Let c be h(58). What is the greatest common divisor of j and c?
11
Suppose 37*g + 2*g - 9009 = 0. Calculate the highest common divisor of 264 and g.
33
Let s(y) = 12*y**3 - y**2 + y - 1. Let d = -4 - -5. Let t be s(d). Let h = 102 - 58. What is the greatest common divisor of t and h?
11
Let j be -1*(-10)/(1 - 0). Let b(v) = -6*v**3 + v**2 - 34*v - 113. Let y be b(-3). What is the greatest common factor of y and j?
10
Suppose -2*k = 2*w - 66, 0 = -7*k + 11*k - 3*w - 83. Let b be (1/(-1))/(2/(-26)). Calculate the highest common divisor of b and k.
13
Let d be (-2)/5 - (-2091)/15. Suppose -5*q + 344 = j, -4*q + 135 = 2*j - d. What is the highest common factor of q and 46?
23
Let q(w) = 8*w**2 + 10*w + 12. Let x be q(-3). Calculate the highest common divisor of x and 126.
18
Let b(h) = -h**3 + 18*h**2 + 63*h + 5. Let p be b(21). Calculate the highest common divisor of p and 130.
5
Suppose 0 = -6*b + 109 + 47. Let m be (9/(-6) - -2)*b. What is the greatest common factor of 65 and m?
13
Let p(d) = -d**2 - d + 18. Let w be 4/(-10) - (-4)/10. Let n be p(w). Let j = -375 + 387. Calculate the highest common factor of j and n.
6
Let x be (-145)/(-1) + (1 - 6). Calculate the highest common divisor of 220 and x.
20
Let f(j) = 31*j - 66. Let v be f(3). What is the greatest common factor of v and 108?
27
Let d(p) = p**3 - 4*p**2 - 4*p - 4. Let t be d(5). Let o = t + 0. Suppose 3*w = -f + 2*f - o, 4*f - 3*w = 13. Calculate the greatest common factor of f and 44.
4
Let m(w) = 8*w**2 + 69*w. Let c be m(-10). Let f = -2 + 12. Calculate the greatest common divisor of c and f.
10
Let g = 16 + 6. Let p = g + -20. Suppose 0 = -3*c + 4*j + 60, -19 = -3*c + p*c + j. Calculate the highest common divisor of 128 and c.
16
Suppose -3*i - 55 = -8*i. Suppose -2*j + l = -3*j + 27, 0 = 3*l + 3. Let n be 2/((-7)/j - (-170)/616). What is the highest common divisor of n and i?
11
Let t be ((-2)/(-7))/(8/(-56)*-1). Suppose 9 = 5*k - 6. Suppose 5*y = -i - k*i + 160, -97 = -t*y + 5*i. Calculate the highest common divisor of y and 54.
18
Suppose 7 = 3*p - 2*b, -p + 5 = -0*p + 2*b. Suppose 3*i = -12, p*i - 5 = -h - 2. What is the highest common divisor of 5 and h?
5
Let b(m) = 2*m**2 + 22*m + 68. Let x be b(-3). Calculate the greatest common factor of x and 110.
10
Suppose -i = 3*u - 123, u + 3*u - 125 = -i. Let a = -22779 + 22792. Calculate the greatest common divisor of a and i.
13
Suppose 27*k - 28*k + 35 = 0. Suppose -j + k = 27. Let o(u) = u**2 + 7. Let m be o(7). What is the greatest common factor of j and m?
8
Let a(q) = q**2 - q + 21. Let s be a(0). Let v be 13/((-52)/(-72)) - 3. Let j be (35/v)/1*6. What is the highest common divisor of s and j?
7
Suppose -5*x - 4*u - 11 = 0, -2*x - 3*u = 13 - 3. Let p be 4/((-32)/(-44))*20/x. Calculate the highest common divisor of p and 10.
10
Suppose j - 6*j = -770. Suppose 2*m - j = -0*m. Calculate the greatest common factor of m and 11.
11
Suppose 0 = -3*q + t - 4 + 22, 0 = -4*q - 4*t + 8. Let w be (44/(-55))/(2/q). Let a be 50 - -2*(-1 - w). What is the highest common divisor of 13 and a?
13
Suppose 0*t = -4*t - 4*h + 260, 0 = 5*t + 2*h - 340. Calculate the greatest common divisor of 42 and t.
14
Suppose 0 = -3*u + 261 + 369. Let j be (-105)/(-1)*(-5)/(-25)*2. What is the greatest common factor of j and u?
42
Suppose 3*u + n + 3*n - 42 = 0, 2*u - 27 = -3*n. Let k(h) = -7*h - 1